{"id":1432,"date":"2025-05-19T15:30:02","date_gmt":"2025-05-19T13:30:02","guid":{"rendered":"https:\/\/partyloc.be\/?page_id=1432"},"modified":"2025-05-19T15:40:34","modified_gmt":"2025-05-19T13:40:34","slug":"contact-infos","status":"publish","type":"page","link":"https:\/\/partyloc.be\/index.php\/contact-partyloc-brabant-wallon\/contact-infos\/","title":{"rendered":"Contact infos"},"content":{"rendered":"\n<div class=\"wpcf7 no-js\" id=\"wpcf7-f1410-o1\" lang=\"fr-FR\" dir=\"ltr\" data-wpcf7-id=\"1410\">\n<div class=\"screen-reader-response\"><p role=\"status\" aria-live=\"polite\" aria-atomic=\"true\"><\/p> <ul><\/ul><\/div>\n<form action=\"\/index.php\/wp-json\/wp\/v2\/pages\/1432#wpcf7-f1410-o1\" method=\"post\" class=\"wpcf7-form init\" aria-label=\"Formulaire de contact\" novalidate=\"novalidate\" data-status=\"init\">\n<fieldset class=\"hidden-fields-container\"><input type=\"hidden\" name=\"_wpcf7\" value=\"1410\" \/><input type=\"hidden\" name=\"_wpcf7_version\" value=\"6.1.5\" \/><input type=\"hidden\" name=\"_wpcf7_locale\" value=\"fr_FR\" \/><input type=\"hidden\" name=\"_wpcf7_unit_tag\" value=\"wpcf7-f1410-o1\" \/><input type=\"hidden\" name=\"_wpcf7_container_post\" value=\"0\" \/><input type=\"hidden\" name=\"_wpcf7_posted_data_hash\" value=\"\" \/><input type=\"hidden\" name=\"_wpcf7_recaptcha_response\" value=\"\" \/>\n<\/fieldset>\n<p><label> Votre nom<br \/>\n<span class=\"wpcf7-form-control-wrap\" data-name=\"your-name\"><input size=\"40\" maxlength=\"400\" class=\"wpcf7-form-control wpcf7-text wpcf7-validates-as-required\" aria-required=\"true\" aria-invalid=\"false\" value=\"\" type=\"text\" name=\"your-name\" \/><\/span> <\/label>\n<\/p>\n<p><label> Votre e-mail<br \/>\n<span class=\"wpcf7-form-control-wrap\" data-name=\"your-email\"><input size=\"40\" maxlength=\"400\" class=\"wpcf7-form-control wpcf7-email wpcf7-validates-as-required wpcf7-text wpcf7-validates-as-email\" aria-required=\"true\" aria-invalid=\"false\" value=\"\" type=\"email\" name=\"your-email\" \/><\/span> <\/label>\n<\/p>\n<p><label> Votre num\u00e9ro de t\u00e9l\u00e9phone<br \/>\n<span class=\"wpcf7-form-control-wrap\" data-name=\"tel-272\"><input size=\"40\" maxlength=\"12\" minlength=\"8\" class=\"wpcf7-form-control wpcf7-tel wpcf7-text wpcf7-validates-as-tel\" aria-invalid=\"false\" value=\"\" type=\"tel\" name=\"tel-272\" \/><\/span> <\/label>\n<\/p>\n<p><label> Objet<br \/>\n<span class=\"wpcf7-form-control-wrap\" data-name=\"your-subject\"><input size=\"40\" maxlength=\"400\" class=\"wpcf7-form-control wpcf7-text wpcf7-validates-as-required\" aria-required=\"true\" aria-invalid=\"false\" value=\"\" type=\"text\" name=\"your-subject\" \/><\/span> <\/label>\n<\/p>\n<p><label> Votre message (facultatif)<br \/>\n<span class=\"wpcf7-form-control-wrap\" data-name=\"your-message\"><textarea cols=\"40\" rows=\"10\" maxlength=\"2000\" class=\"wpcf7-form-control wpcf7-textarea\" aria-invalid=\"false\" name=\"your-message\"><\/textarea><\/span> <\/label>\n<\/p>\n<p><input class=\"wpcf7-form-control wpcf7-submit has-spinner\" type=\"submit\" value=\"Envoyer\" \/>\n<\/p><div class=\"wpcf7-response-output\" aria-hidden=\"true\"><\/div>\n<\/form>\n<\/div>\n\n","protected":false},"excerpt":{"rendered":"","protected":false},"author":1,"featured_media":0,"parent":197,"menu_order":0,"comment_status":"closed","ping_status":"closed","template":"","meta":{"advgb_blocks_editor_width":"","advgb_blocks_columns_visual_guide":"","footnotes":""},"class_list":["post-1432","page","type-page","status-publish"],"yoast_head":"<!-- This site is optimized with the Yoast SEO plugin v27.3 - https:\/\/yoast.com\/product\/yoast-seo-wordpress\/ -->\n<title>Contact infos - PartyLoc<\/title>\n<meta name=\"robots\" content=\"index, follow, max-snippet:-1, max-image-preview:large, max-video-preview:-1\" \/>\n<link rel=\"canonical\" href=\"https:\/\/partyloc.be\/index.php\/contact-partyloc-brabant-wallon\/contact-infos\/\" \/>\n<meta property=\"og:locale\" content=\"fr_FR\" \/>\n<meta property=\"og:type\" content=\"article\" \/>\n<meta property=\"og:title\" content=\"Contact infos - PartyLoc\" \/>\n<meta property=\"og:url\" content=\"https:\/\/partyloc.be\/index.php\/contact-partyloc-brabant-wallon\/contact-infos\/\" \/>\n<meta property=\"og:site_name\" content=\"PartyLoc\" \/>\n<meta property=\"article:publisher\" content=\"https:\/\/www.facebook.com\/profile.php?id=100088809504685\" \/>\n<meta property=\"article:modified_time\" content=\"2025-05-19T13:40:34+00:00\" \/>\n<meta name=\"twitter:card\" content=\"summary_large_image\" \/>\n<meta name=\"twitter:label1\" content=\"Dur\u00e9e de lecture estim\u00e9e\" \/>\n\t<meta name=\"twitter:data1\" content=\"1 minute\" \/>\n<script type=\"application\/ld+json\" class=\"yoast-schema-graph\">{\"@context\":\"https:\\\/\\\/schema.org\",\"@graph\":[{\"@type\":\"WebPage\",\"@id\":\"https:\\\/\\\/partyloc.be\\\/index.php\\\/contact-partyloc-brabant-wallon\\\/contact-infos\\\/\",\"url\":\"https:\\\/\\\/partyloc.be\\\/index.php\\\/contact-partyloc-brabant-wallon\\\/contact-infos\\\/\",\"name\":\"Contact infos - PartyLoc\",\"isPartOf\":{\"@id\":\"https:\\\/\\\/partyloc.be\\\/#website\"},\"datePublished\":\"2025-05-19T13:30:02+00:00\",\"dateModified\":\"2025-05-19T13:40:34+00:00\",\"breadcrumb\":{\"@id\":\"https:\\\/\\\/partyloc.be\\\/index.php\\\/contact-partyloc-brabant-wallon\\\/contact-infos\\\/#breadcrumb\"},\"inLanguage\":\"fr-FR\",\"potentialAction\":[{\"@type\":\"ReadAction\",\"target\":[\"https:\\\/\\\/partyloc.be\\\/index.php\\\/contact-partyloc-brabant-wallon\\\/contact-infos\\\/\"]}]},{\"@type\":\"BreadcrumbList\",\"@id\":\"https:\\\/\\\/partyloc.be\\\/index.php\\\/contact-partyloc-brabant-wallon\\\/contact-infos\\\/#breadcrumb\",\"itemListElement\":[{\"@type\":\"ListItem\",\"position\":1,\"name\":\"Accueil\",\"item\":\"https:\\\/\\\/partyloc.be\\\/\"},{\"@type\":\"ListItem\",\"position\":2,\"name\":\"Contact\",\"item\":\"https:\\\/\\\/partyloc.be\\\/index.php\\\/contact-partyloc-brabant-wallon\\\/\"},{\"@type\":\"ListItem\",\"position\":3,\"name\":\"Contact infos\"}]},{\"@type\":\"WebSite\",\"@id\":\"https:\\\/\\\/partyloc.be\\\/#website\",\"url\":\"https:\\\/\\\/partyloc.be\\\/\",\"name\":\"PartyLoc\",\"description\":\"Location mat\u00e9riel son et lumi\u00e8re-waterloo\\\/brabant-wallon\\\/belgique\",\"publisher\":{\"@id\":\"https:\\\/\\\/partyloc.be\\\/#organization\"},\"potentialAction\":[{\"@type\":\"SearchAction\",\"target\":{\"@type\":\"EntryPoint\",\"urlTemplate\":\"https:\\\/\\\/partyloc.be\\\/?s={search_term_string}\"},\"query-input\":{\"@type\":\"PropertyValueSpecification\",\"valueRequired\":true,\"valueName\":\"search_term_string\"}}],\"inLanguage\":\"fr-FR\"},{\"@type\":\"Organization\",\"@id\":\"https:\\\/\\\/partyloc.be\\\/#organization\",\"name\":\"PartyLoc\",\"url\":\"https:\\\/\\\/partyloc.be\\\/\",\"logo\":{\"@type\":\"ImageObject\",\"inLanguage\":\"fr-FR\",\"@id\":\"https:\\\/\\\/partyloc.be\\\/#\\\/schema\\\/logo\\\/image\\\/\",\"url\":\"https:\\\/\\\/partyloc.be\\\/wp-content\\\/uploads\\\/2025\\\/02\\\/LOGO_PARTYLOC_LOGO-V-1024x1024.jpg\",\"contentUrl\":\"https:\\\/\\\/partyloc.be\\\/wp-content\\\/uploads\\\/2025\\\/02\\\/LOGO_PARTYLOC_LOGO-V-1024x1024.jpg\",\"width\":1024,\"height\":1024,\"caption\":\"PartyLoc\"},\"image\":{\"@id\":\"https:\\\/\\\/partyloc.be\\\/#\\\/schema\\\/logo\\\/image\\\/\"},\"sameAs\":[\"https:\\\/\\\/www.facebook.com\\\/profile.php?id=100088809504685\",\"https:\\\/\\\/www.facebook.com\\\/profile.php?id=100076089324920\"]}]}<\/script>\n<!-- \/ Yoast SEO plugin. -->","yoast_head_json":{"title":"Contact infos - PartyLoc","robots":{"index":"index","follow":"follow","max-snippet":"max-snippet:-1","max-image-preview":"max-image-preview:large","max-video-preview":"max-video-preview:-1"},"canonical":"https:\/\/partyloc.be\/index.php\/contact-partyloc-brabant-wallon\/contact-infos\/","og_locale":"fr_FR","og_type":"article","og_title":"Contact infos - PartyLoc","og_url":"https:\/\/partyloc.be\/index.php\/contact-partyloc-brabant-wallon\/contact-infos\/","og_site_name":"PartyLoc","article_publisher":"https:\/\/www.facebook.com\/profile.php?id=100088809504685","article_modified_time":"2025-05-19T13:40:34+00:00","twitter_card":"summary_large_image","twitter_misc":{"Dur\u00e9e de lecture estim\u00e9e":"1 minute"},"schema":{"@context":"https:\/\/schema.org","@graph":[{"@type":"WebPage","@id":"https:\/\/partyloc.be\/index.php\/contact-partyloc-brabant-wallon\/contact-infos\/","url":"https:\/\/partyloc.be\/index.php\/contact-partyloc-brabant-wallon\/contact-infos\/","name":"Contact infos - PartyLoc","isPartOf":{"@id":"https:\/\/partyloc.be\/#website"},"datePublished":"2025-05-19T13:30:02+00:00","dateModified":"2025-05-19T13:40:34+00:00","breadcrumb":{"@id":"https:\/\/partyloc.be\/index.php\/contact-partyloc-brabant-wallon\/contact-infos\/#breadcrumb"},"inLanguage":"fr-FR","potentialAction":[{"@type":"ReadAction","target":["https:\/\/partyloc.be\/index.php\/contact-partyloc-brabant-wallon\/contact-infos\/"]}]},{"@type":"BreadcrumbList","@id":"https:\/\/partyloc.be\/index.php\/contact-partyloc-brabant-wallon\/contact-infos\/#breadcrumb","itemListElement":[{"@type":"ListItem","position":1,"name":"Accueil","item":"https:\/\/partyloc.be\/"},{"@type":"ListItem","position":2,"name":"Contact","item":"https:\/\/partyloc.be\/index.php\/contact-partyloc-brabant-wallon\/"},{"@type":"ListItem","position":3,"name":"Contact infos"}]},{"@type":"WebSite","@id":"https:\/\/partyloc.be\/#website","url":"https:\/\/partyloc.be\/","name":"PartyLoc","description":"Location mat\u00e9riel son et lumi\u00e8re-waterloo\/brabant-wallon\/belgique","publisher":{"@id":"https:\/\/partyloc.be\/#organization"},"potentialAction":[{"@type":"SearchAction","target":{"@type":"EntryPoint","urlTemplate":"https:\/\/partyloc.be\/?s={search_term_string}"},"query-input":{"@type":"PropertyValueSpecification","valueRequired":true,"valueName":"search_term_string"}}],"inLanguage":"fr-FR"},{"@type":"Organization","@id":"https:\/\/partyloc.be\/#organization","name":"PartyLoc","url":"https:\/\/partyloc.be\/","logo":{"@type":"ImageObject","inLanguage":"fr-FR","@id":"https:\/\/partyloc.be\/#\/schema\/logo\/image\/","url":"https:\/\/partyloc.be\/wp-content\/uploads\/2025\/02\/LOGO_PARTYLOC_LOGO-V-1024x1024.jpg","contentUrl":"https:\/\/partyloc.be\/wp-content\/uploads\/2025\/02\/LOGO_PARTYLOC_LOGO-V-1024x1024.jpg","width":1024,"height":1024,"caption":"PartyLoc"},"image":{"@id":"https:\/\/partyloc.be\/#\/schema\/logo\/image\/"},"sameAs":["https:\/\/www.facebook.com\/profile.php?id=100088809504685","https:\/\/www.facebook.com\/profile.php?id=100076089324920"]}]}},"coauthors":[],"author_meta":{"author_link":"https:\/\/partyloc.be\/index.php\/author\/admin8648\/","display_name":"admin8648"},"relative_dates":{"created":"Publi\u00e9 11 mois il y a","modified":"Mis \u00e0 jour 11 mois il y a"},"absolute_dates":{"created":"Publi\u00e9 le 19 mai 2025","modified":"Mise \u00e0 jour le 19 mai 2025"},"absolute_dates_time":{"created":"Publi\u00e9 le 19 mai 2025 15h30","modified":"Mise \u00e0 jour le 19 mai 2025 15h40"},"featured_img_caption":"","featured_img":false,"series_order":"","_links":{"self":[{"href":"https:\/\/partyloc.be\/index.php\/wp-json\/wp\/v2\/pages\/1432","targetHints":{"allow":["GET"]}}],"collection":[{"href":"https:\/\/partyloc.be\/index.php\/wp-json\/wp\/v2\/pages"}],"about":[{"href":"https:\/\/partyloc.be\/index.php\/wp-json\/wp\/v2\/types\/page"}],"author":[{"embeddable":true,"href":"https:\/\/partyloc.be\/index.php\/wp-json\/wp\/v2\/users\/1"}],"replies":[{"embeddable":true,"href":"https:\/\/partyloc.be\/index.php\/wp-json\/wp\/v2\/comments?post=1432"}],"version-history":[{"count":0,"href":"https:\/\/partyloc.be\/index.php\/wp-json\/wp\/v2\/pages\/1432\/revisions"}],"up":[{"embeddable":true,"href":"https:\/\/partyloc.be\/index.php\/wp-json\/wp\/v2\/pages\/197"}],"wp:attachment":[{"href":"https:\/\/partyloc.be\/index.php\/wp-json\/wp\/v2\/media?parent=1432"}],"curies":[{"name":"wp","href":"https:\/\/api.w.org\/{rel}","templated":true}]}}